ns digit of 30279232?
3
What is the tens digit of 22484492?
9
What is the tens digit of 248695526?
2
What is the billions digit of 1474072104?
1
What is the millions digit of 23479469?
3
What is the ten millions digit of 68934399?
6
What is the units digit of 1372992?
2
What is the thousands digit of 384554835?
4
What is the tens digit of 82001520?
2
What is the units digit of 8690862?
2
What is the thousands digit of 201701959?
1
What is the millions digit of 35392958?
5
What is the tens digit of 3465692314?
1
What is the hundreds digit of 643569228?
2
What is the ten millions digit of 683296049?
8
What is the hundred thousands digit of 743081307?
0
What is the hundred thousands digit of 311570852?
5
What is the hundred thousands digit of 67764754?
7
What is the millions digit of 5360211?
5
What is the hundreds digit of 94307006?
0
What is the hundred thousands digit of 104875511?
8
What is the thousands digit of 363908912?
8
What is the hundred thousands digit of 46838224?
8
What is the hundred millions digit of 319172129?
3
What is the millions digit of 390855303?
0
What is the millions digit of 553123418?
3
What is the hundred millions digit of 6721633875?
7
What is the hundred thousands digit of 106554751?
5
What is the hundred thousands digit of 14079094?
0
What is the hundred thousands digit of 177434643?
4
What is the ten millions digit of 1589899201?
8
What is the ten thousands digit of 1157635836?
3
What is the ten thousands digit of 172839983?
3
What is the millions digit of 26858538?
6
What is the ten millions digit of 1243262273?
4
What is the hundred millions digit of 182167064?
1
What is the hundreds digit of 60847542?
5
What is the millions digit of 216886467?
6
What is the hundreds digit of 83964009?
0
What is the ten millions digit of 1322424129?
2
What is the millions digit of 172471031?
2
What is the hundreds digit of 380231578?
5
What is the hundreds digit of 778283014?
0
What is the ten thousands digit of 3113375537?
7
What is the tens digit of 86013268?
6
What is the hundred thousands digit of 99760679?
7
What is the ten millions digit of 294676234?
9
What is the ten millions digit of 1867953357?
6
What is the hundred millions digit of 1081869551?
0
What is the millions digit of 1084180467?
4
What is the hundred millions digit of 1409097270?
4
What is the ten thousands digit of 198069234?
6
What is the hundred millions digit of 2140719465?
1
What is the hundred millions digit of 122456319?
1
What is the hundreds digit of 7239491?
4
What is the ten millions digit of 1052319923?
5
What is the hundred millions digit of 1448608048?
4
What is the ten millions digit of 255966602?
5
What is the units digit of 782946771?
1
What is the hundred thousands digit of 906021987?
0
What is the units digit of 668829400?
0
What is the tens digit of 277566654?
5
What is the units digit of 222088743?
3
What is the millions digit of 364436695?
4
What is the thousands digit of 113472845?
2
What is the thousands digit of 709314709?
4
What is the hundred thousands digit of 1287398753?
3
What is the millions digit of 169676002?
9
What is the thousands digit of 203223105?
3
What is the ten millions digit of 53912036?
5
What is the ten thousands digit of 118935110?
3
What is the ten millions digit of 61732414?
6
What is the thousands digit of 3271284806?
4
What is the millions digit of 1098545938?
8
What is the hundred thousands digit of 1037938432?
9
What is the thousands digit of 198813201?
3
What is the thousands digit of 67682453?
2
What is the hundred thousands digit of 3983838773?
8
What is the units digit of 126897138?
8
What is the millions digit of 9911652?
9
What is the tens digit of 328813856?
5
What is the hundred millions digit of 116284163?
1
What is the hundreds digit of 147830859?
8
What is the ten millions digit of 2522625772?
2
What is the millions digit of 30062494?
0
What is the ten thousands digit of 36354683?
5
What is the ten millions digit of 470963623?
7
What is the thousands digit of 2137904634?
4
What is the thousands digit of 25763770?
3
What is the thousands digit of 373717532?
7
What is the tens digit of 240108407?
0
What is the units digit of 19028351?
1
What is the units digit of 2525505658?
8
What is the millions digit of 7729014131?
9
What is the units digit of 56440125?
5
What is the ten thousands digit of 1371459458?
5
What is the hundred thousands digit of 143833983?
8
What is the hundred millions digit of 3197705955?
1
What is the hundred millions digit of 1153112584?
1
What is the hundreds digit of 727094374?
3
What is the hundreds digit of 156689640?
6
What is the tens digit of 26083356?
5
What is the units digit of 40188846?
6
What is the hundreds digit of 1843796121?
1
What is the millions digit of 5443767774?
3
What is the millions digit of 4236923?
4
What is the hundred thousands digit of 1591373904?
3
What is the hundreds digit of 257241268?
2
What is the thousands digit of 1680780657?
0
What is the thousands digit of 2732051614?
1
What is the hundreds digit of 157935605?
6
What is the units digit of 1413028799?
9
What is the tens digit of 4003756815?
1
What is the ten thousands digit of 64890016?
9
What is the thousands digit of 867578093?
8
What is the millions digit of 28711238?
8
What is the hundred thousands digit of 49543114?
5
What is the thousands digit of 44606185?
6
What is the ten thousands digit of 273722888?
2
What is the hundred millions digit of 1705516822?
7
What is the thousands digit of 27830706?
0
What is the units digit of 6446663137?
7
What is the thousands digit of 22375134?
5
What is the millions digit of 3566593756?
6
What is the hundreds digit of 156199094?
0
What is the units digit of 161183024?
4
What is the hundreds digit of 52809237?
2
What is the hundred thousands digit of 37708552?
7
What is the thousands digit of 3088003303?
3
What is the billions digit of 5340079311?
5
What is the hundreds digit of 84551835?
8
What is the millions digit of 5213366499?
3
What is the units digit of 218926677?
7
What is the hundreds digit of 4436196953?
9
What is the hundred millions digit of 2061416142?
0
What is the hundred millions digit of 8338130065?
3
What is the tens digit of 105161250?
5
What is the hundred millions digit of 519543518?
5
What is the tens digit of 5978069659?
5
What is the ten thousands digit of 24935878?
3
What is the ten millions digit of 51450807?
5
What is the ten thousands digit of 1196365265?
6
What is the thousands digit of 141024811?
4
What is the millions digit of 1043299947?
3
What is the tens digit of 301146385?
8
What is the hundreds digit of 68715925?
9
What is the units digit of 320011236?
6
What is the millions digit of 5148504796?
8
What is the ten thousands digit of 111932197?
3
What is the hundreds digit of 1795934799?
7
What is the thousands digit of 61427517?
7
What is the millions digit of 29591787?
9
What is the thousands digit of 6872357?
2
What is the tens digit of 120015515?
1
What is the thousands digit of 45517351?
7
What is the hundred thousands digit of 50018289?
0
What is the hundreds digit of 222811763?
7
What is the hundreds digit of 240859848?
8
What is the hundreds digit of 1066267441?
4
What is the ten millions digit of 383243662?
8
What is the hundred millions digit of 512161492?
5
What is the thousands digit of 576674005?
4
What is the tens digit of 720911588?
8
What is the ten thousands digit of 69123996?
2
What is the hundred millions digit of 2349000725?
3
What is the millions digit of 45797305?
5
What is the billions digit of 3174153275?
3
What is the hundreds digit of 275596109?
1
What is the tens digit of 27814473?
7
What is the thousands digit of 672609259?
9
What is the tens digit of 2467846025?
2
What is the thousands digit of 6705708064?
8
What is the ten millions digit of 1449782658?
4
What is the hundreds digit of 78566699?
6
What is the thousands digit of 268095913?
5
What is the hundred thousands digit of 7111784323?
7
What is the hundreds digit of 1139696701?
7
What is the ten thousands digit of 285569145?
6
What is the hundred millions digit of 103363809?
1
What is the thousands digit of 57003135?
3
What is the millions digit of 856332361?
6
What is the millions digit of 71820066?
1
What is the tens digit of 2